{"id":3,"date":"2006-08-19T22:35:35","date_gmt":"2006-08-19T20:35:35","guid":{"rendered":"http:\/\/www.uwekruppa.de\/blog\/?page_id=3"},"modified":"2015-09-12T19:12:27","modified_gmt":"2015-09-12T17:12:27","slug":"impressum-disclaimer","status":"publish","type":"page","link":"https:\/\/www.uwekruppa.de\/blog\/?page_id=3","title":{"rendered":"Impressum \/ Disclaimer"},"content":{"rendered":"<p><strong>Uwe Kruppa<br \/>\nBlitzstrasse 22<br \/>\n24143 Kiel<\/strong><\/p>\n<p><strong>Tel.: 0431-5377534<br \/>\nFax:  0431-5377543<\/strong><\/p>\n<p><strong>E-Mail: <\/strong><a target=\"_blank\" class=\"link\" href=\"mailto:info@uwekruppa.de\">info@uwekruppa.de<\/a><\/p>\n<p><strong>URL: <a title=\"Homepage von Uwe Kruppa\" href=\"http:\/\/www.uwekruppa.de\">www.uwekruppa.de<\/a><\/strong><a title=\"Homepage von Uwe Kruppa\" href=\"http:\/\/www.uwekruppa.de\">\u00a0<\/a><\/p>\n<p><strong>&#8212;&#8212;&#8212;&#8212;&#8212;&#8212;&#8212;&#8212;&#8212;&#8212;&#8212;&#8212;&#8212;&#8212;&#8212;&#8212;&#8212;&#8212;&#8212;&#8212;&#8212;&#8212;&#8212;&#8212;&#8212;&#8212;&#8212;&#8212;&#8212;&#8212;&#8212;&#8212;&#8212;&#8212;&#8212;&#8212;&#8212;&#8212;<\/strong><\/p>\n<p><img decoding=\"async\" alt=\"Impressum\" id=\"image8\" src=\"http:\/\/www.uwekruppa.de\/blog\/wp-content\/uploads\/2006\/08\/impressum1.jpg\" \/><\/p>\n<p>F\u00fcr Vollst\u00e4ndigkeit, Fehler redaktioneller und technischer Art, Auslassungen  usw. sowie die Richtigkeit der Eintragungen kann keine Haftung \u00fcbernommen  werden.<br \/>\nInsbesondere kann keine Gew\u00e4hr f\u00fcr die Vollst\u00e4ndigkeit und  Richtigkeit von Informationen \u00dcbernommen werden, die \u00dcber weiterf\u00fchrende Links  erreicht werden.<br \/>\nDie Anbieter sind f\u00fcr die eigenen Inhalte, die sie zur  Nutzung bereithalten, nach den allgemeinen Gesetzen verantwortlich. Von diesen  eigenen Inhalten sind Querverweise auf die von anderen Anbietern  bereitgehaltenen Inhalte zu unterscheiden.<br \/>\nDie Verweise durch Hyperlinks auf  Inhalte fremder Webseiten dienen lediglich der Information.<br \/>\nDie  Verantwortlichkeit f\u00fcr diese fremden Inhalte liegt alleine bei dem Anbieter, der  die Inhalte bereith\u00e4lt. Vor dem Einrichten der entsprechenden Verweise sind die  Web-Seiten der anderen Anbieter mit gro\u00dfer Sorgfalt und nach bestem Wissen und  Gewissen, insbesondere durch die Kommentatoren zu \u00dcberpr\u00fcfen. Es kann jedoch keine Gew\u00e4hr f\u00fcr die  Vollst\u00e4ndigkeit und Richtigkeit von Informationen \u00fcbernommen werden, die \u00fcber  weiterf\u00fchrende Hyperlinks erreicht werden. Der Inhalt der anderen Web-Seiten  kann jederzeit mein ohne Wissen ge\u00e4ndert werden.<br \/>\nF\u00fcr s\u00e4mtliche Links auf allen Seiten dieses Blogs gilt: Ich betone, dass ich keinen Einfluss auf die Gestaltung und  die Inhalte der durch Link von meinem Blog aus erreichbarer Seiten anderer  Anbieter habe und mir deren Inhalt nicht zu eigen mache. Diese Erkl\u00e4rung gilt  f\u00fcr alle Seiten diesem Blog und die dort angebrachten Links.<br \/>\nFalls  auf Seiten verwiesen wird, deren Inhalt Anlass zur Beanstandung gibt, bittet ich um  eine Mitteilung.<br \/>\nIch behalte mir das Recht vor, ohne vorherige Ank\u00fcndigung  die bereitgestellten Informationen zu \u00c4ndern, zu erg\u00e4nzen oder zu  entfernen.<\/p>\n<p>Verantwortlich im Sinne des Presserechts und des \u00a7 6 Abs. 3  Mediendienste &#8211; Staatsvertrages<\/p>\n<p>f\u00fcr Gestaltung und Inhalt:<br \/>\nUwe Kruppa,  Anschrift wie oben.<\/p>\n<p><strong><em>Copyright \u00a9 by Uwe Kruppa. Alle Rechte  vorbehalten.<\/em><\/strong><\/p>\n","protected":false},"excerpt":{"rendered":"<p>Uwe Kruppa Blitzstrasse 22 24143 Kiel Tel.: 0431-5377534 Fax: 0431-5377543 E-Mail: info@uwekruppa.de URL: www.uwekruppa.de\u00a0 &#8212;&#8212;&#8212;&#8212;&#8212;&#8212;&#8212;&#8212;&#8212;&#8212;&#8212;&#8212;&#8212;&#8212;&#8212;&#8212;&#8212;&#8212;&#8212;&#8212;&#8212;&#8212;&#8212;&#8212;&#8212;&#8212;&#8212;&#8212;&#8212;&#8212;&#8212;&#8212;&#8212;&#8212;&#8212;&#8212;&#8212;&#8212; F\u00fcr Vollst\u00e4ndigkeit, Fehler redaktioneller und technischer Art, Auslassungen usw. sowie die Richtigkeit der Eintragungen kann keine Haftung \u00fcbernommen werden. Insbesondere kann keine Gew\u00e4hr f\u00fcr die Vollst\u00e4ndigkeit und Richtigkeit von Informationen \u00dcbernommen werden, die \u00dcber weiterf\u00fchrende Links erreicht werden. Die Anbieter &hellip; <a href=\"https:\/\/www.uwekruppa.de\/blog\/?page_id=3\" class=\"more-link\"><span class=\"screen-reader-text\">Impressum \/ Disclaimer<\/span> weiterlesen <span class=\"meta-nav\">&rarr;<\/span><\/a><\/p>\n","protected":false},"author":1,"featured_media":0,"parent":0,"menu_order":0,"comment_status":"closed","ping_status":"closed","template":"","meta":{"_monsterinsights_skip_tracking":false,"_monsterinsights_sitenote_active":false,"_monsterinsights_sitenote_note":"","_monsterinsights_sitenote_category":0,"footnotes":""},"class_list":["post-3","page","type-page","status-publish","hentry"],"_links":{"self":[{"href":"https:\/\/www.uwekruppa.de\/blog\/index.php?rest_route=\/wp\/v2\/pages\/3","targetHints":{"allow":["GET"]}}],"collection":[{"href":"https:\/\/www.uwekruppa.de\/blog\/index.php?rest_route=\/wp\/v2\/pages"}],"about":[{"href":"https:\/\/www.uwekruppa.de\/blog\/index.php?rest_route=\/wp\/v2\/types\/page"}],"author":[{"embeddable":true,"href":"https:\/\/www.uwekruppa.de\/blog\/index.php?rest_route=\/wp\/v2\/users\/1"}],"replies":[{"embeddable":true,"href":"https:\/\/www.uwekruppa.de\/blog\/index.php?rest_route=%2Fwp%2Fv2%2Fcomments&post=3"}],"version-history":[{"count":6,"href":"https:\/\/www.uwekruppa.de\/blog\/index.php?rest_route=\/wp\/v2\/pages\/3\/revisions"}],"predecessor-version":[{"id":276,"href":"https:\/\/www.uwekruppa.de\/blog\/index.php?rest_route=\/wp\/v2\/pages\/3\/revisions\/276"}],"wp:attachment":[{"href":"https:\/\/www.uwekruppa.de\/blog\/index.php?rest_route=%2Fwp%2Fv2%2Fmedia&parent=3"}],"curies":[{"name":"wp","href":"https:\/\/api.w.org\/{rel}","templated":true}]}}